{"id":970,"date":"2018-04-21T12:44:32","date_gmt":"2018-04-21T12:44:32","guid":{"rendered":"http:\/\/wp13139850.server-he.de\/?post_type=product&#038;p=970"},"modified":"2026-01-26T10:04:06","modified_gmt":"2026-01-26T10:04:06","slug":"shampoo-b99","status":"publish","type":"product","link":"https:\/\/compagniadelcolore.de\/?product=shampoo-b99","title":{"rendered":"Shampoo B99"},"content":{"rendered":"<p>Empfiehlt sich besonders f\u00fcr eine milde, aber dennoch intensive Reinigung von Haar und Kopfhaut.<br \/>\n\u00dcbersch\u00fcssige Pflegestoffe, die das Haar belasten, werden gr\u00fcndlich entfernt. Haar und Kopfhaut werden optimal zur Weiterbehandlung vorbereitet.<\/p>\n","protected":false},"excerpt":{"rendered":"<p>Empfiehlt sich besonders f\u00fcr eine milde, aber dennoch intensive Reinigung von Haar und Kopfhaut. \u00dcbersch\u00fcssige Pflegestoffe, die das Haar belasten, werden gr\u00fcndlich entfernt. Haar und Kopfhaut werden optimal zur Weiterbehandlung vorbereitet.<\/p>\n","protected":false},"featured_media":969,"template":"","meta":[],"product_brand":[],"product_cat":[339,25],"product_tag":[],"class_list":{"0":"post-970","1":"product","2":"type-product","3":"status-publish","4":"has-post-thumbnail","6":"product_cat-bio-energo","7":"product_cat-haarpflege","9":"first","10":"instock","11":"taxable","12":"shipping-taxable","13":"purchasable","14":"product-type-variable"},"aioseo_notices":[],"_links":{"self":[{"href":"https:\/\/compagniadelcolore.de\/index.php?rest_route=\/wp\/v2\/product\/970","targetHints":{"allow":["GET"]}}],"collection":[{"href":"https:\/\/compagniadelcolore.de\/index.php?rest_route=\/wp\/v2\/product"}],"about":[{"href":"https:\/\/compagniadelcolore.de\/index.php?rest_route=\/wp\/v2\/types\/product"}],"wp:featuredmedia":[{"embeddable":true,"href":"https:\/\/compagniadelcolore.de\/index.php?rest_route=\/wp\/v2\/media\/969"}],"wp:attachment":[{"href":"https:\/\/compagniadelcolore.de\/index.php?rest_route=%2Fwp%2Fv2%2Fmedia&parent=970"}],"wp:term":[{"taxonomy":"product_brand","embeddable":true,"href":"https:\/\/compagniadelcolore.de\/index.php?rest_route=%2Fwp%2Fv2%2Fproduct_brand&post=970"},{"taxonomy":"product_cat","embeddable":true,"href":"https:\/\/compagniadelcolore.de\/index.php?rest_route=%2Fwp%2Fv2%2Fproduct_cat&post=970"},{"taxonomy":"product_tag","embeddable":true,"href":"https:\/\/compagniadelcolore.de\/index.php?rest_route=%2Fwp%2Fv2%2Fproduct_tag&post=970"}],"curies":[{"name":"wp","href":"https:\/\/api.w.org\/{rel}","templated":true}]}}