{"id":802,"date":"2018-04-19T10:13:35","date_gmt":"2018-04-19T10:13:35","guid":{"rendered":"http:\/\/wp13139850.server-he.de\/?post_type=product&#038;p=802"},"modified":"2026-01-26T10:04:13","modified_gmt":"2026-01-26T10:04:13","slug":"nourish-shampoo","status":"publish","type":"product","link":"https:\/\/compagniadelcolore.de\/?product=nourish-shampoo","title":{"rendered":"Nourish Shampoo"},"content":{"rendered":"<p>Erh\u00e4ltlich in den Gr\u00f6\u00dfen: 250 ml und 1000 ml<\/p>\n<p>&nbsp;<\/p>\n<table>\n<tbody>\n<tr>\n<td width=\"302\"><strong>N\u00c4HRENDES SHAMPOO<\/strong><\/p>\n<p>&nbsp;<\/p>\n<p>Es hilft, , dank dem Karamell- und Bio-Leinsamen-Extrakt in der Formel die nat\u00fcrlichen Untert\u00f6ne zu befeuchten, aufzuhellen und zu verbessern. Ein innovativer Inhaltsstoff aus Zucker, Erythritol und dem wertvollen Kakaoextrakt n\u00e4hrt das Haar und macht es weich und seidig. Angereichert mit Bio-Bambus- und Ginseng-Extrakten, die die Haarfaser revitalisieren und st\u00e4rken.<\/p>\n<p>&nbsp;<\/p>\n<p>&nbsp;<\/p>\n<p>&nbsp;<\/p>\n<p>&nbsp;<\/p>\n<p>&nbsp;<\/p>\n<p>&nbsp;<\/td>\n<\/tr>\n<\/tbody>\n<\/table>\n<p>&nbsp;<\/p>\n","protected":false},"excerpt":{"rendered":"<p>Erh\u00e4ltlich in den Gr\u00f6\u00dfen: 250 ml und 1000 ml &nbsp; N\u00c4HRENDES SHAMPOO &nbsp; Es hilft, , dank dem Karamell- und Bio-Leinsamen-Extrakt in der Formel die nat\u00fcrlichen Untert\u00f6ne zu befeuchten, aufzuhellen und zu verbessern. Ein innovativer Inhaltsstoff aus Zucker, Erythritol und dem wertvollen Kakaoextrakt n\u00e4hrt das Haar und macht es weich und seidig. Angereichert mit Bio-Bambus- [&hellip;]<\/p>\n","protected":false},"featured_media":211,"template":"","meta":[],"product_brand":[],"product_cat":[334,25],"product_tag":[],"class_list":{"0":"post-802","1":"product","2":"type-product","3":"status-publish","4":"has-post-thumbnail","6":"product_cat-daily-care-line","7":"product_cat-haarpflege","8":"pa_250-ml-1000-ml-250-ml","9":"pa_250-ml-1000-ml-1000-ml","11":"first","12":"instock","13":"taxable","14":"shipping-taxable","15":"purchasable","16":"product-type-variable"},"aioseo_notices":[],"_links":{"self":[{"href":"https:\/\/compagniadelcolore.de\/index.php?rest_route=\/wp\/v2\/product\/802","targetHints":{"allow":["GET"]}}],"collection":[{"href":"https:\/\/compagniadelcolore.de\/index.php?rest_route=\/wp\/v2\/product"}],"about":[{"href":"https:\/\/compagniadelcolore.de\/index.php?rest_route=\/wp\/v2\/types\/product"}],"wp:featuredmedia":[{"embeddable":true,"href":"https:\/\/compagniadelcolore.de\/index.php?rest_route=\/wp\/v2\/media\/211"}],"wp:attachment":[{"href":"https:\/\/compagniadelcolore.de\/index.php?rest_route=%2Fwp%2Fv2%2Fmedia&parent=802"}],"wp:term":[{"taxonomy":"product_brand","embeddable":true,"href":"https:\/\/compagniadelcolore.de\/index.php?rest_route=%2Fwp%2Fv2%2Fproduct_brand&post=802"},{"taxonomy":"product_cat","embeddable":true,"href":"https:\/\/compagniadelcolore.de\/index.php?rest_route=%2Fwp%2Fv2%2Fproduct_cat&post=802"},{"taxonomy":"product_tag","embeddable":true,"href":"https:\/\/compagniadelcolore.de\/index.php?rest_route=%2Fwp%2Fv2%2Fproduct_tag&post=802"}],"curies":[{"name":"wp","href":"https:\/\/api.w.org\/{rel}","templated":true}]}}