{"id":715,"date":"2018-04-17T19:41:29","date_gmt":"2018-04-17T19:41:29","guid":{"rendered":"http:\/\/wp13139850.server-he.de\/?post_type=product&#038;p=715"},"modified":"2026-01-26T10:04:16","modified_gmt":"2026-01-26T10:04:16","slug":"volume-crackling-fizz-200-ml","status":"publish","type":"product","link":"https:\/\/compagniadelcolore.de\/?product=volume-crackling-fizz-200-ml","title":{"rendered":"VOLUME CRACKLING FIZZ"},"content":{"rendered":"<p>200 ml<\/p>\n<p><span style=\"color: #cc99ff;\">WAS IST DAS?<\/span><br \/>\nEin wasserl\u00f6slicher und spritziger Schaum,\u00a0f\u00fcr \u00a0haltbare, \u00a0volumin\u00f6se, flexible und \u00a0lockige Haare mit einem mittel-starkem Halt. Zum t\u00e4glichen Gebrauch geeignet. Sch\u00fctzt vor Feuchtigkeit, verst\u00e4rkt Locken und macht sie gl\u00e4nzend.\u00a0Sch\u00fctzt\u00a0 die Frisur\u00a0vor Feuchtigkeit, vor UV-Strahlen und\u00a0\u00a0der W\u00e4rme , der im Friseurbereich eingesetzten Ger\u00e4te.<\/p>\n<p><span style=\"color: #cc99ff;\">WAS MACHT ES?<\/span><br \/>\nSchafft weiche, \u00a0definierte Locken \u00a0und unterstreicht das nat\u00fcrliche \u00a0Aussehen der Locken. Die Locken werden leicht und k\u00e4mmbar. Beseitigt den \u00a0Frizz-Effekt und kontrolliert\u00a0 elektrostatisch aufgeladene Haare. Es ist perfekt f\u00fcr\u00a0 trockene Looks mit nat\u00fcrlich gelockten Haaren\u00a0oder \u00a0f\u00fcr nasse Looks mit federnden Locken. Es hinterl\u00e4sst auf allen Haartypen einen\u00a0\u00a0trockenen und sauberen Griff und schafft weiche Locken mit Volumen. Kann vor\u00fcbergehend Knicke im Haar gl\u00e4tten und eng gelockte Str\u00e4hnen lockern. Das Produkt ist wasserl\u00f6slich und kann leicht mit Wasser ausgesp\u00fclt werden. Es ist sowohl f\u00fcr Frauen- als auch M\u00e4nnerhaare geeignet.<br \/>\n<span style=\"color: #cc99ff;\">WIE WIRD ES VERWENDET?<\/span><br \/>\nVor Gebrauch ca. 15 Sekunden sch\u00fctteln bis\u00a0\u00a0 sich die Konsistenz\u00a0\u00a0ver\u00e4ndert und die Inhaltsstoffe gut vermischt sind.\u00a0Das Produkt nie direkt auf das\u00a0 Haar auftragen, sondern zuerst \u00a0senkrecht auf die Handfl\u00e4chen spr\u00fchen, anschlie\u00dfend mit den Fingern oder mit einem breiten Kamm von den Haarwurzeln bis zu den Haarspitzen verteilen und das Styling fortsetzen.<br \/>\nANREICHERT MIT: <span style=\"color: #cc99ff;\">ECHTER ALOE &#8211; BIRNE-EXTRAKT &#8211; MELONE-EXTRAKT<\/span><br \/>\nOHNE: PARABENE &#8211; SILIKONE<\/p>\n<p>&nbsp;<\/p>\n","protected":false},"excerpt":{"rendered":"<p>200 ml WAS IST DAS? Ein wasserl\u00f6slicher und spritziger Schaum,\u00a0f\u00fcr \u00a0haltbare, \u00a0volumin\u00f6se, flexible und \u00a0lockige Haare mit einem mittel-starkem Halt. Zum t\u00e4glichen Gebrauch geeignet. Sch\u00fctzt vor Feuchtigkeit, verst\u00e4rkt Locken und macht sie gl\u00e4nzend.\u00a0Sch\u00fctzt\u00a0 die Frisur\u00a0vor Feuchtigkeit, vor UV-Strahlen und\u00a0\u00a0der W\u00e4rme , der im Friseurbereich eingesetzten Ger\u00e4te. WAS MACHT ES? Schafft weiche, \u00a0definierte Locken \u00a0und unterstreicht [&hellip;]<\/p>\n","protected":false},"featured_media":200,"template":"","meta":[],"product_brand":[],"product_cat":[25,328],"product_tag":[],"class_list":{"0":"post-715","1":"product","2":"type-product","3":"status-publish","4":"has-post-thumbnail","6":"product_cat-haarpflege","7":"product_cat-style-n-finish","9":"first","10":"instock","11":"taxable","12":"shipping-taxable","13":"purchasable","14":"product-type-simple"},"aioseo_notices":[],"_links":{"self":[{"href":"https:\/\/compagniadelcolore.de\/index.php?rest_route=\/wp\/v2\/product\/715","targetHints":{"allow":["GET"]}}],"collection":[{"href":"https:\/\/compagniadelcolore.de\/index.php?rest_route=\/wp\/v2\/product"}],"about":[{"href":"https:\/\/compagniadelcolore.de\/index.php?rest_route=\/wp\/v2\/types\/product"}],"wp:featuredmedia":[{"embeddable":true,"href":"https:\/\/compagniadelcolore.de\/index.php?rest_route=\/wp\/v2\/media\/200"}],"wp:attachment":[{"href":"https:\/\/compagniadelcolore.de\/index.php?rest_route=%2Fwp%2Fv2%2Fmedia&parent=715"}],"wp:term":[{"taxonomy":"product_brand","embeddable":true,"href":"https:\/\/compagniadelcolore.de\/index.php?rest_route=%2Fwp%2Fv2%2Fproduct_brand&post=715"},{"taxonomy":"product_cat","embeddable":true,"href":"https:\/\/compagniadelcolore.de\/index.php?rest_route=%2Fwp%2Fv2%2Fproduct_cat&post=715"},{"taxonomy":"product_tag","embeddable":true,"href":"https:\/\/compagniadelcolore.de\/index.php?rest_route=%2Fwp%2Fv2%2Fproduct_tag&post=715"}],"curies":[{"name":"wp","href":"https:\/\/api.w.org\/{rel}","templated":true}]}}