{"id":1292,"date":"2019-02-05T08:23:40","date_gmt":"2019-02-05T08:23:40","guid":{"rendered":"http:\/\/compagniadelcolore.de\/?post_type=product&#038;p=1292"},"modified":"2026-01-26T10:04:00","modified_gmt":"2026-01-26T10:04:00","slug":"cappuccino-shampoo","status":"publish","type":"product","link":"https:\/\/compagniadelcolore.de\/?product=cappuccino-shampoo","title":{"rendered":"Cappuccino Shampoo"},"content":{"rendered":"<p>250 ml &#8211; 1000 ml<\/p>\n<p>Restrukturierendes Shampoo mit milden Tensidens pflanzlichen Ursprungs. F\u00f6rdert die Erhaltung der Protein- und Lipidstoffe, insbosendere nach chemischen Behandlungen und Haarw\u00e4schen mit aggressiven Haarwaschmitteln, hilft die nat\u00fcrliche Struktur des Haars zu erhalten, und verleiht dem Haar Glanz und einen angenehmen geschmeidigen und seidigen Griff.<\/p>\n","protected":false},"excerpt":{"rendered":"<p>250 ml &#8211; 1000 ml Restrukturierendes Shampoo mit milden Tensidens pflanzlichen Ursprungs. F\u00f6rdert die Erhaltung der Protein- und Lipidstoffe, insbosendere nach chemischen Behandlungen und Haarw\u00e4schen mit aggressiven Haarwaschmitteln, hilft die nat\u00fcrliche Struktur des Haars zu erhalten, und verleiht dem Haar Glanz und einen angenehmen geschmeidigen und seidigen Griff.<\/p>\n","protected":false},"featured_media":1257,"template":"","meta":[],"product_brand":[],"product_cat":[24,430],"product_tag":[],"class_list":{"0":"post-1292","1":"product","2":"type-product","3":"status-publish","4":"has-post-thumbnail","6":"product_cat-unkategorisiert","7":"product_cat-cappuccino","8":"pa_250-ml-1000-ml-250-ml","9":"pa_250-ml-1000-ml-1000-ml","11":"first","12":"instock","13":"taxable","14":"shipping-taxable","15":"purchasable","16":"product-type-variable"},"aioseo_notices":[],"_links":{"self":[{"href":"https:\/\/compagniadelcolore.de\/index.php?rest_route=\/wp\/v2\/product\/1292","targetHints":{"allow":["GET"]}}],"collection":[{"href":"https:\/\/compagniadelcolore.de\/index.php?rest_route=\/wp\/v2\/product"}],"about":[{"href":"https:\/\/compagniadelcolore.de\/index.php?rest_route=\/wp\/v2\/types\/product"}],"wp:featuredmedia":[{"embeddable":true,"href":"https:\/\/compagniadelcolore.de\/index.php?rest_route=\/wp\/v2\/media\/1257"}],"wp:attachment":[{"href":"https:\/\/compagniadelcolore.de\/index.php?rest_route=%2Fwp%2Fv2%2Fmedia&parent=1292"}],"wp:term":[{"taxonomy":"product_brand","embeddable":true,"href":"https:\/\/compagniadelcolore.de\/index.php?rest_route=%2Fwp%2Fv2%2Fproduct_brand&post=1292"},{"taxonomy":"product_cat","embeddable":true,"href":"https:\/\/compagniadelcolore.de\/index.php?rest_route=%2Fwp%2Fv2%2Fproduct_cat&post=1292"},{"taxonomy":"product_tag","embeddable":true,"href":"https:\/\/compagniadelcolore.de\/index.php?rest_route=%2Fwp%2Fv2%2Fproduct_tag&post=1292"}],"curies":[{"name":"wp","href":"https:\/\/api.w.org\/{rel}","templated":true}]}}