{"id":1287,"date":"2019-01-31T13:13:13","date_gmt":"2019-01-31T13:13:13","guid":{"rendered":"http:\/\/compagniadelcolore.de\/?post_type=product&#038;p=1287"},"modified":"2026-01-26T10:04:02","modified_gmt":"2026-01-26T10:04:02","slug":"color-services-aid-3-in-1","status":"publish","type":"product","link":"https:\/\/compagniadelcolore.de\/?product=color-services-aid-3-in-1","title":{"rendered":"Color Services AID 3 in 1"},"content":{"rendered":"<p>400 ml<\/p>\n<p>Revolution\u00e4re Creme, die mit der Haarfarbe aufgetragen wird und drei Wirkungen aus\u00fcbt.Dank der wertvollenInhaltsstoffe der Formel beugt es Kopfhautreizungen und R\u00f6tungen vor und sch\u00fctzt das Haar vor Austrocknung, n\u00e4hrt es und erh\u00e4lt seine Keratinstruktur. Die Mischung aus Pflanzen\u00f6len reduziert den Geruch von Ammoniak beim Mischen und Auftragen der Farbe. Diese einzelne Produkt liefert drei erstaunliche Effekte, ohne das Ergebnis zu beeinflussen. Kopfhaut und Haare werden gesch\u00fctzt und die Locken sehen gesund und gepflegt aus.<\/p>\n<p>Kann auch der Bleichmischung beigef\u00fcgt werden.<\/p>\n<p>&nbsp;<\/p>\n","protected":false},"excerpt":{"rendered":"<p>400 ml Revolution\u00e4re Creme, die mit der Haarfarbe aufgetragen wird und drei Wirkungen aus\u00fcbt.Dank der wertvollenInhaltsstoffe der Formel beugt es Kopfhautreizungen und R\u00f6tungen vor und sch\u00fctzt das Haar vor Austrocknung, n\u00e4hrt es und erh\u00e4lt seine Keratinstruktur. Die Mischung aus Pflanzen\u00f6len reduziert den Geruch von Ammoniak beim Mischen und Auftragen der Farbe. Diese einzelne Produkt liefert [&hellip;]<\/p>\n","protected":false},"featured_media":1288,"template":"","meta":[],"product_brand":[],"product_cat":[24],"product_tag":[],"class_list":{"0":"post-1287","1":"product","2":"type-product","3":"status-publish","4":"has-post-thumbnail","6":"product_cat-unkategorisiert","8":"first","9":"instock","10":"taxable","11":"shipping-taxable","12":"purchasable","13":"product-type-simple"},"aioseo_notices":[],"_links":{"self":[{"href":"https:\/\/compagniadelcolore.de\/index.php?rest_route=\/wp\/v2\/product\/1287","targetHints":{"allow":["GET"]}}],"collection":[{"href":"https:\/\/compagniadelcolore.de\/index.php?rest_route=\/wp\/v2\/product"}],"about":[{"href":"https:\/\/compagniadelcolore.de\/index.php?rest_route=\/wp\/v2\/types\/product"}],"wp:featuredmedia":[{"embeddable":true,"href":"https:\/\/compagniadelcolore.de\/index.php?rest_route=\/wp\/v2\/media\/1288"}],"wp:attachment":[{"href":"https:\/\/compagniadelcolore.de\/index.php?rest_route=%2Fwp%2Fv2%2Fmedia&parent=1287"}],"wp:term":[{"taxonomy":"product_brand","embeddable":true,"href":"https:\/\/compagniadelcolore.de\/index.php?rest_route=%2Fwp%2Fv2%2Fproduct_brand&post=1287"},{"taxonomy":"product_cat","embeddable":true,"href":"https:\/\/compagniadelcolore.de\/index.php?rest_route=%2Fwp%2Fv2%2Fproduct_cat&post=1287"},{"taxonomy":"product_tag","embeddable":true,"href":"https:\/\/compagniadelcolore.de\/index.php?rest_route=%2Fwp%2Fv2%2Fproduct_tag&post=1287"}],"curies":[{"name":"wp","href":"https:\/\/api.w.org\/{rel}","templated":true}]}}