{"id":1072,"date":"2018-06-05T12:07:45","date_gmt":"2018-06-05T12:07:45","guid":{"rendered":"http:\/\/wp13139850.server-he.de\/?post_type=product&#038;p=1072"},"modified":"2026-01-26T10:04:04","modified_gmt":"2026-01-26T10:04:04","slug":"stop-hairloss","status":"publish","type":"product","link":"https:\/\/compagniadelcolore.de\/?product=stop-hairloss","title":{"rendered":"Stop Hairloss Phials"},"content":{"rendered":"<p>12 x 7 ml Ampullen<\/p>\n<table>\n<tbody>\n<tr>\n<td width=\"302\"><strong>ANTI-HAARAUSFALL PHIOLEN<\/strong><\/p>\n<p><strong>\u00a0<\/strong><\/p>\n<p>Eine intensive adjuvante Behandlung zur St\u00e4rkung des Haares und gegen Haarausfall. Die Bio-Extrakte aus Heidelbeere, Rotwein und Zaubernuss f\u00f6rdern die nat\u00fcrliche Mikrozirkulation, beleben das Haar und verleihen ihm ein ges\u00fcnderes Aussehen. Taurin und Koffein sind f\u00fcr den Zellzyklus unverzichtbar.<\/p>\n<table>\n<tbody>\n<tr>\n<td width=\"302\">Die Interconnected Polymers Technology (IPSTiC PATCH HAIR 4TM)<\/p>\n<p>Eine Technologie &#8211; entwickelt und patentgesch\u00fctzt durch eine Studie der Universit\u00e4t von Kalabrien (Italien) &#8211; hat es erm\u00f6glicht, die Formel mit einer miteinander verbundenen Polymermischung aus Polyquaternium-10 und Keratin anzureichern. Diese Substanzen transportieren Oregano, Gr\u00fcner Tee, Chili-Pfeffer und Bio-Zink-Extrakte, die auf verschiedenen Ebenen wirken. Die IPSTiC PATCH HAIR 4TM Technologie ist eine Revolution in der Zuf\u00fchrung von funktionellen Inhaltsstoffen. Tats\u00e4chlich l\u00e4sst es die Inhaltsstoffe mit einer &#8220;lang anhaltenden&#8221; Wirkung, die aus der kontrollierten und verl\u00e4ngerten Freisetzung von Substanzen mit einer allgemeinen Verbesserung der Leistung resultiert, tiefer eindringen. Die Synergie mit Inhaltsstoffen wie Taurin und Koffein, zus\u00e4tzlich zu der lindernden Wirkung der Polymermischung, verbessert die wachstumsf\u00f6rdernden und haarausfallhemmenden Behandlungen durch Hemmung des Enzyms 5-\u03b1-Reduktase. Au\u00dferdem verbessern die regenerierenden Eigenschaften der enthaltenen Inhaltsstoffe die Gesundheit der Kopfhaut und hinterlassen ein lebendiges Haar.<\/p>\n<p>&nbsp;<\/td>\n<\/tr>\n<\/tbody>\n<\/table>\n<p>&nbsp;<\/p>\n<p>&nbsp;<\/td>\n<\/tr>\n<\/tbody>\n<\/table>\n","protected":false},"excerpt":{"rendered":"<p>12 x 7 ml Ampullen ANTI-HAARAUSFALL PHIOLEN \u00a0 Eine intensive adjuvante Behandlung zur St\u00e4rkung des Haares und gegen Haarausfall. Die Bio-Extrakte aus Heidelbeere, Rotwein und Zaubernuss f\u00f6rdern die nat\u00fcrliche Mikrozirkulation, beleben das Haar und verleihen ihm ein ges\u00fcnderes Aussehen. Taurin und Koffein sind f\u00fcr den Zellzyklus unverzichtbar. Die Interconnected Polymers Technology (IPSTiC PATCH HAIR 4TM) [&hellip;]<\/p>\n","protected":false},"featured_media":1038,"template":"","meta":[],"product_brand":[],"product_cat":[25,404],"product_tag":[],"class_list":{"0":"post-1072","1":"product","2":"type-product","3":"status-publish","4":"has-post-thumbnail","6":"product_cat-haarpflege","7":"product_cat-scalp-line","9":"first","10":"instock","11":"taxable","12":"shipping-taxable","13":"purchasable","14":"product-type-simple"},"aioseo_notices":[],"_links":{"self":[{"href":"https:\/\/compagniadelcolore.de\/index.php?rest_route=\/wp\/v2\/product\/1072","targetHints":{"allow":["GET"]}}],"collection":[{"href":"https:\/\/compagniadelcolore.de\/index.php?rest_route=\/wp\/v2\/product"}],"about":[{"href":"https:\/\/compagniadelcolore.de\/index.php?rest_route=\/wp\/v2\/types\/product"}],"wp:featuredmedia":[{"embeddable":true,"href":"https:\/\/compagniadelcolore.de\/index.php?rest_route=\/wp\/v2\/media\/1038"}],"wp:attachment":[{"href":"https:\/\/compagniadelcolore.de\/index.php?rest_route=%2Fwp%2Fv2%2Fmedia&parent=1072"}],"wp:term":[{"taxonomy":"product_brand","embeddable":true,"href":"https:\/\/compagniadelcolore.de\/index.php?rest_route=%2Fwp%2Fv2%2Fproduct_brand&post=1072"},{"taxonomy":"product_cat","embeddable":true,"href":"https:\/\/compagniadelcolore.de\/index.php?rest_route=%2Fwp%2Fv2%2Fproduct_cat&post=1072"},{"taxonomy":"product_tag","embeddable":true,"href":"https:\/\/compagniadelcolore.de\/index.php?rest_route=%2Fwp%2Fv2%2Fproduct_tag&post=1072"}],"curies":[{"name":"wp","href":"https:\/\/api.w.org\/{rel}","templated":true}]}}