{"id":1342,"date":"2019-03-22T10:40:26","date_gmt":"2019-03-22T10:40:26","guid":{"rendered":"http:\/\/compagniadelcolore.de\/?post_type=product&#038;p=1342"},"modified":"2026-01-26T10:03:56","modified_gmt":"2026-01-26T10:03:56","slug":"beard-ointment","status":"publish","type":"product","link":"http:\/\/compagniadelcolore.de\/?product=beard-ointment","title":{"rendered":"Beard Ointment"},"content":{"rendered":"<p><strong>Spezielle Salbe, um den Bart gesund,<\/strong> feuchtigkeitsspendend, gen\u00e4hrt und angenehm parf\u00fcmiert zu halten.<\/p>\n<p>&nbsp;<\/p>\n<p><strong>Wirkstoffe<\/strong>: Kukui-\u00f6l Sheabutter, Kakaobutter, kokosnuss\u00f6l, Mandel\u00f6l, Bienenwachs, Vitamin E (Acetat), Bergamotte, Petitgrain und Vetiver.<\/p>\n","protected":false},"excerpt":{"rendered":"<p>Spezielle Salbe, um den Bart gesund, feuchtigkeitsspendend, gen\u00e4hrt und angenehm parf\u00fcmiert zu halten. &nbsp; Wirkstoffe: Kukui-\u00f6l Sheabutter, Kakaobutter, kokosnuss\u00f6l, Mandel\u00f6l, Bienenwachs, Vitamin E (Acetat), Bergamotte, Petitgrain und Vetiver.<\/p>\n","protected":false},"featured_media":1319,"template":"","meta":[],"product_brand":[],"product_cat":[436,440],"product_tag":[],"class_list":{"0":"post-1342","1":"product","2":"type-product","3":"status-publish","4":"has-post-thumbnail","6":"product_cat-kosimetik-gentleman","7":"product_cat-rasur-bart","9":"first","10":"instock","11":"taxable","12":"shipping-taxable","13":"purchasable","14":"product-type-simple"},"aioseo_notices":[],"_links":{"self":[{"href":"http:\/\/compagniadelcolore.de\/index.php?rest_route=\/wp\/v2\/product\/1342","targetHints":{"allow":["GET"]}}],"collection":[{"href":"http:\/\/compagniadelcolore.de\/index.php?rest_route=\/wp\/v2\/product"}],"about":[{"href":"http:\/\/compagniadelcolore.de\/index.php?rest_route=\/wp\/v2\/types\/product"}],"wp:featuredmedia":[{"embeddable":true,"href":"http:\/\/compagniadelcolore.de\/index.php?rest_route=\/wp\/v2\/media\/1319"}],"wp:attachment":[{"href":"http:\/\/compagniadelcolore.de\/index.php?rest_route=%2Fwp%2Fv2%2Fmedia&parent=1342"}],"wp:term":[{"taxonomy":"product_brand","embeddable":true,"href":"http:\/\/compagniadelcolore.de\/index.php?rest_route=%2Fwp%2Fv2%2Fproduct_brand&post=1342"},{"taxonomy":"product_cat","embeddable":true,"href":"http:\/\/compagniadelcolore.de\/index.php?rest_route=%2Fwp%2Fv2%2Fproduct_cat&post=1342"},{"taxonomy":"product_tag","embeddable":true,"href":"http:\/\/compagniadelcolore.de\/index.php?rest_route=%2Fwp%2Fv2%2Fproduct_tag&post=1342"}],"curies":[{"name":"wp","href":"https:\/\/api.w.org\/{rel}","templated":true}]}}