{"id":1115,"date":"2018-06-19T22:43:58","date_gmt":"2018-06-19T22:43:58","guid":{"rendered":"http:\/\/wp13139850.server-he.de\/?page_id=1115"},"modified":"2018-06-19T22:49:45","modified_gmt":"2018-06-19T22:49:45","slug":"datenschutzerklaerung","status":"publish","type":"page","link":"http:\/\/compagniadelcolore.de\/?page_id=1115","title":{"rendered":"Datenschutzerkl\u00e4rung"},"content":{"rendered":"<p><strong>Datenschutzerkl\u00e4rung<\/strong><\/p>\n<p>Soweit nachstehend keine anderen Angaben gemacht werden, ist die Bereitstellung Ihrer<br \/>\npersonenbezogenen Daten weder gesetzlich oder vertraglich vorgeschrieben, noch f\u00fcr einen<br \/>\nVertragsabschluss erforderlich. Sie sind zur Bereitstellung der Daten nicht verpflichtet. Eine<br \/>\nNichtbereitstellung hat keine Folgen. Dies gilt nur soweit bei den nachfolgenden<br \/>\nVerarbeitungsvorg\u00e4ngen keine anderweitige Angabe gemacht wird.<br \/>\n&amp;quot;Personenbezogene Daten&amp;quot; sind alle Informationen, die sich auf eine identifizierte oder<br \/>\nidentifizierbare nat\u00fcrliche Person beziehen.<\/p>\n<p>Server-Logfiles<\/p>\n<p>Sie k\u00f6nnen unsere Webseiten besuchen, ohne Angaben zu Ihrer Person zu machen. Es werden<br \/>\nbei jedem Zugriff auf unsere Website Nutzungsdaten durch Ihren Internetbrowser \u00fcbermittelt<br \/>\nund in Protokolldaten (Server-Logfiles) gespeichert. Zu diesen gespeicherten Daten geh\u00f6ren z.B.<br \/>\nName der aufgerufenen Seite, Datum und Uhrzeit des Abrufs, \u00fcbertragene Datenmenge und der<br \/>\nanfragende Provider. Diese Daten dienen ausschlie\u00dflich der Gew\u00e4hrleistung eines st\u00f6rungsfreien<br \/>\nBetriebs unserer Website und zur Verbesserung unseres Angebotes. Eine Zuordnung dieser<br \/>\nDaten zu einer bestimmten Person ist nicht m\u00f6glich.<\/p>\n<p>Erhebung, Verarbeitung und Nutzung personenbezogener Daten bei Bestellungen<br \/>\nBei der Bestellung erheben und verwenden wir Ihre personenbezogenen Daten nur, soweit dies<br \/>\nzur Erf\u00fcllung und Abwicklung Ihrer Bestellung sowie zur Bearbeitung Ihrer Anfragen erforderlich<br \/>\nist. Die Bereitstellung der Daten ist f\u00fcr den Vertragsschluss erforderlich. Eine Nichtbereitstellung<br \/>\nhat zur Folge, dass kein Vertrag geschlossen werden kann. Die Verarbeitung erfolgt auf<br \/>\nGrundlage des Art. 6 (1) lit. b DSGVO und ist f\u00fcr die Erf\u00fcllung eines Vertrags mit Ihnen<br \/>\nerforderlich. Eine Weitergabe Ihrer Daten an Dritte ohne Ihre ausdr\u00fcckliche Einwilligung erfolgt<br \/>\nnicht. Ausgenommen hiervon sind lediglich unsere Dienstleistungspartner, die wir zur<br \/>\nAbwicklung des Vertragsverh\u00e4ltnisses ben\u00f6tigen oder Dienstleister derer wir uns im Rahmen<br \/>\neiner Auftragsverarbeitung bedienen. Neben den in den jeweiligen Klauseln dieser<br \/>\nDatenschutzerkl\u00e4rung benannten Empf\u00e4ngern sind dies beispielsweise Empf\u00e4nger folgender<br \/>\nKategorien: Versanddienstleister, Zahlungsdienstleister, Warenwirtschaftsdienstleister,<br \/>\nDiensteanbieter f\u00fcr die Bestellabwicklung, Webhoster, IT-Dienstleister und Dropshipping<br \/>\nH\u00e4ndler. In allen F\u00e4llen beachten wir strikt die gesetzlichen Vorgaben. Der Umfang der<\/p>\n<p>Daten\u00fcbermittlung beschr\u00e4nkt sich auf ein Mindestma\u00df.<\/p>\n<p>Verwendung von PayPal<\/p>\n<p>Alle PayPal-Transaktionen unterliegen der PayPal-Datenschutzerkl\u00e4rung. Diese finden Sie unter<br \/>\nhttps:\/\/www.paypal.com\/de\/webapps\/mpp\/ua\/privacy-prev?locale.x=de_DE<\/p>\n<p>Dauer der Speicherung<\/p>\n<p>Nach vollst\u00e4ndiger Vertragsabwicklung werden die Daten zun\u00e4chst f\u00fcr die Dauer der<br \/>\nGew\u00e4hrleistungsfrist, danach unter Ber\u00fccksichtigung gesetzlicher, insbesondere steuer- und<br \/>\nhandelsrechtlicher Aufbewahrungsfristen gespeichert und dann nach Fristablauf gel\u00f6scht, sofern<br \/>\nSie der weitergehenden Verarbeitung und Nutzung nicht zugestimmt haben.<\/p>\n<p>Rechte der betroffenen Person<\/p>\n<p>Ihnen stehen bei Vorliegen der gesetzlichen Voraussetzungen folgende Rechte nach Art. 15 bis 20<\/p>\n<p>DSGVO zu: Recht auf Auskunft, auf Berichtigung, auf L\u00f6schung, auf Einschr\u00e4nkung der Verarbeitung,<br \/>\nauf Daten\u00fcbertragbarkeit.<\/p>\n<p>Au\u00dferdem steht Ihnen nach Art. 21 (1) DSGVO ein Widerspruchsrecht gegen die Verarbeitungen<br \/>\nzu, die auf Art. 6 (1) f DSGVO beruhen, sowie gegen die Verarbeitung zum Zwecke von Direktwerbung.<\/p>\n<p>Kontaktieren Sie uns auf Wunsch. Die Kontaktdaten finden Sie in unserem Impressum.<\/p>\n<p>Beschwerderecht bei der Aufsichtsbeh\u00f6rde<\/p>\n<p>Sie haben gem\u00e4\u00df Art. 77 DSGVO das Recht, sich bei der Aufsichtsbeh\u00f6rde zu beschweren, wenn<br \/>\nSie der Ansicht sind, dass die Verarbeitung Ihrer personenbezogenen Daten nicht rechtm\u00e4\u00dfig erfolgt.<\/p>\n<p>letzte Aktualisierung: 25.04.2018<\/p>\n","protected":false},"excerpt":{"rendered":"<p>Datenschutzerkl\u00e4rung Soweit nachstehend keine anderen Angaben gemacht werden, ist die Bereitstellung Ihrer personenbezogenen Daten weder gesetzlich oder vertraglich vorgeschrieben, noch f\u00fcr einen Vertragsabschluss erforderlich. Sie sind zur Bereitstellung der Daten nicht verpflichtet. Eine Nichtbereitstellung hat keine Folgen. Dies gilt nur soweit bei den nachfolgenden Verarbeitungsvorg\u00e4ngen keine anderweitige Angabe gemacht wird. &amp;quot;Personenbezogene Daten&amp;quot; sind alle Informationen, [&hellip;]<\/p>\n","protected":false},"author":1,"featured_media":0,"parent":0,"menu_order":0,"comment_status":"closed","ping_status":"closed","template":"","meta":{"footnotes":""},"class_list":["post-1115","page","type-page","status-publish","hentry"],"aioseo_notices":[],"_links":{"self":[{"href":"http:\/\/compagniadelcolore.de\/index.php?rest_route=\/wp\/v2\/pages\/1115","targetHints":{"allow":["GET"]}}],"collection":[{"href":"http:\/\/compagniadelcolore.de\/index.php?rest_route=\/wp\/v2\/pages"}],"about":[{"href":"http:\/\/compagniadelcolore.de\/index.php?rest_route=\/wp\/v2\/types\/page"}],"author":[{"embeddable":true,"href":"http:\/\/compagniadelcolore.de\/index.php?rest_route=\/wp\/v2\/users\/1"}],"replies":[{"embeddable":true,"href":"http:\/\/compagniadelcolore.de\/index.php?rest_route=%2Fwp%2Fv2%2Fcomments&post=1115"}],"version-history":[{"count":2,"href":"http:\/\/compagniadelcolore.de\/index.php?rest_route=\/wp\/v2\/pages\/1115\/revisions"}],"predecessor-version":[{"id":1118,"href":"http:\/\/compagniadelcolore.de\/index.php?rest_route=\/wp\/v2\/pages\/1115\/revisions\/1118"}],"wp:attachment":[{"href":"http:\/\/compagniadelcolore.de\/index.php?rest_route=%2Fwp%2Fv2%2Fmedia&parent=1115"}],"curies":[{"name":"wp","href":"https:\/\/api.w.org\/{rel}","templated":true}]}}

Datenschutzerklärung

<p><strong>Datenschutzerklärung</strong></p>
<p>Soweit nachstehend keine anderen Angaben gemacht werden, ist die Bereitstellung Ihrer<br />
personenbezogenen Daten weder gesetzlich oder vertraglich vorgeschrieben, noch für einen<br />
Vertragsabschluss erforderlich. Sie sind zur Bereitstellung der Daten nicht verpflichtet. Eine<br />
Nichtbereitstellung hat keine Folgen. Dies gilt nur soweit bei den nachfolgenden<br />
Verarbeitungsvorgängen keine anderweitige Angabe gemacht wird.<br />
&amp;quot;Personenbezogene Daten&amp;quot; sind alle Informationen, die sich auf eine identifizierte oder<br />
identifizierbare natürliche Person beziehen.</p>
<p>Server-Logfiles</p>
<p>Sie können unsere Webseiten besuchen, ohne Angaben zu Ihrer Person zu machen. Es werden<br />
bei jedem Zugriff auf unsere Website Nutzungsdaten durch Ihren Internetbrowser übermittelt<br />
und in Protokolldaten (Server-Logfiles) gespeichert. Zu diesen gespeicherten Daten gehören z.B.<br />
Name der aufgerufenen Seite, Datum und Uhrzeit des Abrufs, übertragene Datenmenge und der<br />
anfragende Provider. Diese Daten dienen ausschließlich der Gewährleistung eines störungsfreien<br />
Betriebs unserer Website und zur Verbesserung unseres Angebotes. Eine Zuordnung dieser<br />
Daten zu einer bestimmten Person ist nicht möglich.</p>
<p>Erhebung, Verarbeitung und Nutzung personenbezogener Daten bei Bestellungen<br />
Bei der Bestellung erheben und verwenden wir Ihre personenbezogenen Daten nur, soweit dies<br />
zur Erfüllung und Abwicklung Ihrer Bestellung sowie zur Bearbeitung Ihrer Anfragen erforderlich<br />
ist. Die Bereitstellung der Daten ist für den Vertragsschluss erforderlich. Eine Nichtbereitstellung<br />
hat zur Folge, dass kein Vertrag geschlossen werden kann. Die Verarbeitung erfolgt auf<br />
Grundlage des Art. 6 (1) lit. b DSGVO und ist für die Erfüllung eines Vertrags mit Ihnen<br />
erforderlich. Eine Weitergabe Ihrer Daten an Dritte ohne Ihre ausdrückliche Einwilligung erfolgt<br />
nicht. Ausgenommen hiervon sind lediglich unsere Dienstleistungspartner, die wir zur<br />
Abwicklung des Vertragsverhältnisses benötigen oder Dienstleister derer wir uns im Rahmen<br />
einer Auftragsverarbeitung bedienen. Neben den in den jeweiligen Klauseln dieser<br />
Datenschutzerklärung benannten Empfängern sind dies beispielsweise Empfänger folgender<br />
Kategorien: Versanddienstleister, Zahlungsdienstleister, Warenwirtschaftsdienstleister,<br />
Diensteanbieter für die Bestellabwicklung, Webhoster, IT-Dienstleister und Dropshipping<br />
Händler. In allen Fällen beachten wir strikt die gesetzlichen Vorgaben. Der Umfang der</p>
<p>Datenübermittlung beschränkt sich auf ein Mindestmaß.</p>
<p>Verwendung von PayPal</p>
<p>Alle PayPal-Transaktionen unterliegen der PayPal-Datenschutzerklärung. Diese finden Sie unter<br />
https://www.paypal.com/de/webapps/mpp/ua/privacy-prev?locale.x=de_DE</p>
<p>Dauer der Speicherung</p>
<p>Nach vollständiger Vertragsabwicklung werden die Daten zunächst für die Dauer der<br />
Gewährleistungsfrist, danach unter Berücksichtigung gesetzlicher, insbesondere steuer- und<br />
handelsrechtlicher Aufbewahrungsfristen gespeichert und dann nach Fristablauf gelöscht, sofern<br />
Sie der weitergehenden Verarbeitung und Nutzung nicht zugestimmt haben.</p>
<p>Rechte der betroffenen Person</p>
<p>Ihnen stehen bei Vorliegen der gesetzlichen Voraussetzungen folgende Rechte nach Art. 15 bis 20</p>
<p>DSGVO zu: Recht auf Auskunft, auf Berichtigung, auf Löschung, auf Einschränkung der Verarbeitung,<br />
auf Datenübertragbarkeit.</p>
<p>Außerdem steht Ihnen nach Art. 21 (1) DSGVO ein Widerspruchsrecht gegen die Verarbeitungen<br />
zu, die auf Art. 6 (1) f DSGVO beruhen, sowie gegen die Verarbeitung zum Zwecke von Direktwerbung.</p>
<p>Kontaktieren Sie uns auf Wunsch. Die Kontaktdaten finden Sie in unserem Impressum.</p>
<p>Beschwerderecht bei der Aufsichtsbehörde</p>
<p>Sie haben gemäß Art. 77 DSGVO das Recht, sich bei der Aufsichtsbehörde zu beschweren, wenn<br />
Sie der Ansicht sind, dass die Verarbeitung Ihrer personenbezogenen Daten nicht rechtmäßig erfolgt.</p>
<p>letzte Aktualisierung: 25.04.2018</p>

<p>Datenschutzerklärung Soweit nachstehend keine anderen Angaben gemacht werden, ist die Bereitstellung Ihrer personenbezogenen Daten weder gesetzlich oder vertraglich vorgeschrieben, noch für einen Vertragsabschluss erforderlich. Sie sind zur Bereitstellung der Daten nicht verpflichtet. Eine Nichtbereitstellung hat keine Folgen. Dies gilt nur soweit bei den nachfolgenden Verarbeitungsvorgängen keine anderweitige Angabe gemacht wird. &amp;quot;Personenbezogene Daten&amp;quot; sind alle Informationen, [&hellip;]</p>
