{"id":1113,"date":"2018-06-19T22:38:16","date_gmt":"2018-06-19T22:38:16","guid":{"rendered":"http:\/\/wp13139850.server-he.de\/?page_id=1113"},"modified":"2025-01-08T19:16:48","modified_gmt":"2025-01-08T19:16:48","slug":"allgemeine-geschaeftsbedingungen","status":"publish","type":"page","link":"http:\/\/compagniadelcolore.de\/?page_id=1113","title":{"rendered":"Allgemeine Gesch\u00e4ftsbedingungen"},"content":{"rendered":"<main class=\"page\">\n<div class=\"wrapper\">\n<h1>Allgemeine Gesch\u00e4ftsbedingungen<\/h1>\n<p>\u00a0<\/p>\n<h2>Allgemeine Gesch\u00e4ftsbedingungen (AGB) der G\u00fcrez GmbH<\/h2>\n<p>\u00a0<\/p>\n<h3>1. Geltungsbereich<\/h3>\n<p>Die nachstehenden Bedingungen gelten f\u00fcr alle zwischen uns und unseren Kunden abgeschlossenen Vertr\u00e4ge \u00fcber die Lieferung von Waren. Sie gelten auch f\u00fcr alle k\u00fcnftigen Gesch\u00e4ftsbeziehun\u00adgen, auch wenn sie nicht nochmals ausdr\u00fccklich vereinbart werden.<\/p>\n<p>\u00dcbernehmen wir auch Einbau und Montage von Baubeschl\u00e4gen oder sonstigen Bauelementen, ist die Vergabe- und Vertragsordnung f\u00fcr Bauleistungen (VOB\/B) Vertragsgrundlage. Soweit gesetzlich zul\u00e4ssig, erg\u00e4nzen bzw. ersetzen unsere Allgemeinen Gesch\u00e4ftsbedingungen die einzelnen Regelungen der VOB\/B.<\/p>\n<p>Abweichungen von den vorliegenden Bedingungen sind nur wirksam, wenn wir diese schrift\u00adlich best\u00e4tigt haben. Entgegenstehende oder abweichende Gesch\u00e4fts- bzw. Einkaufsbedin\u00adgungen des Kunden sind f\u00fcr uns unverbindlich, es sei denn, dass wir diesen ausdr\u00fccklich schriftlich zustimmen.<\/p>\n<p>\u00a0<\/p>\n<h3>2. Angebote und Schutzrechte<\/h3>\n<p>Die von uns in Angeboten, Preislisten, Rundschreiben, Prospekten und Katalogen angegebenen Preise sind frei\u00adbleibend und unverbindlich. Die zu dem Angebot geh\u00f6renden Unterlagen wie Ab\u00adbildungen, Zeichnungen, Ge\u00adwichts- und Ma\u00dfangaben sind nur Ann\u00e4herungswerte, soweit sie nicht aus\u00addr\u00fccklich als verbindlich be\u00adzeichnet werden. Die Auftragsannahme behalten wir uns in jedem Fall vor.<\/p>\n<p>Stellen wir dem Kunden Zeichnungen oder technische Unterlagen \u00fcber den zu liefernden technischen Kaufgegenstand zur Verf\u00fcgung, so bleiben diese unser Eigen\u00adtum. Wir behalten uns insoweit auch s\u00e4mtliche Urheberrechte vor. Diese Unterlagen d\u00fcrfen nur mit unserer ausdr\u00fccklichen schriftlichen Zustimmung an Dritte weitergegeben oder Dritten zug\u00e4nglich gemacht werden und sind auf Verlangen unverz\u00fcglich an uns zur\u00fcckzusenden.<\/p>\n<p>Der Kunde haftet f\u00fcr die Richtigkeit der von ihm zu liefernden Unterlagen, wie insbesondere Zeichnungen, Lehren und Muster. Werden bei der Anlieferung der Ware nach Zeichnungen, Mustern oder sonstigen Angaben des Kunden Schutz\u00adrechte Dritter verletzt, so stellt dieser uns von s\u00e4mtlichen Anspr\u00fcchen frei.<\/p>\n<p>\u00a0<\/p>\n<h3>3. Auftragserteilung und Vertragsabschluss<\/h3>\n<p>Alle bei uns m\u00fcndlich, schriftlich, telefonisch, per E-Mail oder durch unsere Vertreter eingehen\u00adden Auf\u00adtr\u00e4ge sind erst dann rechtsverbindlich, wenn sie von uns schriftlich best\u00e4tigt werden. Dies gilt auch f\u00fcr jede Art der Zusicherung von Eigenschaften, Erg\u00e4nzungen, Ab\u00e4nderungen und Nebenabreden.<\/p>\n<p>Sollte unsere Best\u00e4tigung in irgendeinem Punkt von der Bestellung abweichen, so ist uns unverz\u00fcglich Mitteilung zu machen, andernfalls erfolgt die Lieferung nach unseren Angaben. Die Erteilung einer Rechnung steht der f\u00f6rmlichen Auftragsbest\u00e4ti\u00adgung gleich.<\/p>\n<p>Werden uns erst nach Vertragsab\u00adschluss Tatsachen bekannt, die begr\u00fcndete Zweifel an der Kreditw\u00fcrdigkeit des Kunden entstehen lassen, sind wir berechtigt, angemessene Sicherheiten zu verlangen. Stellt der Kunde innerhalb einer ihm gesetzten, angemessenen Frist diese Sicherheiten nicht, so sind wir berechtigt, vom Vertrag zur\u00fcckzutreten.<\/p>\n<p>\u00a0<\/p>\n<h3>4. Lieferung<\/h3>\n<p>Lieferfristen gelten als nur ann\u00e4hernd vereinbart, es sei denn, dass eine feste Lieferzeit vereinbart wurde. Sofern alle Einzelheiten der Ausf\u00fchrung gekl\u00e4rt sind und alle vom Kunden zu erf\u00fcllenden Voraussetzungen vorliegen, beginnt die Lieferfrist mit unserer Auftrags\u00adbest\u00e4ti\u00adgung, andernfalls entsprechend sp\u00e4ter.<\/p>\n<p>Sie gilt als eingehalten, wenn die Ware zum vereinbarten Zeit\u00adpunkt das Lager\/Werk verlassen hat oder bei Versen\u00addungsunm\u00f6glichkeit die Versandbereitschaft dem Kunden gemeldet ist. Bei Lieferverzug ist eine angemessene Nachfrist zu setzen.<\/p>\n<p>Bei sp\u00e4teren \u00c4nderungen des Vertrages durch den Kunden, die die Lieferzeit beeinflussen, kann sich die Lieferzeit in angemessenem Umfang verl\u00e4ngern.<\/p>\n<p>Auf Abruf bestellte Lieferungen sind innerhalb von sechs Monaten nach Auftragsbest\u00e4tigung abzunehmen.<\/p>\n<p>Soweit wir an der Erf\u00fcllung unserer Verpflichtung durch den Eintritt unvorhergesehener au\u00dfergew\u00f6hnlicher Ereignisse (h\u00f6here Gewalt) gehindert wurden, die wir trotz der nach den Verh\u00e4ltnissen des Einzelfalles zumutbaren Sorgfalt nicht abwenden konnten \u2013 gleichg\u00fcltig ob in unserem Werk oder bei unseren Vorlieferanten eingetreten \u2013 insbesondere Krieg, Natur\u00adkatastrophen, beh\u00f6rdliche Eingriffe, Betriebsst\u00f6rungen, Arbeitsk\u00e4mpfe, Verz\u00f6gerungen in der Anlieferung wesentlicher Roh- und Hilfsstoffe, verl\u00e4ngert sich die Lieferzeit in angemessenem Umfang. Wird durch die vorgenannten Ereignisse die Lieferung oder Leistung unm\u00f6glich, so werden wir von der Lieferverpflichtung frei, ohne dass der Kunde vom Vertrag zur\u00fccktreten oder Schadenersatz verlangen kann. Treten die vorgenannten Hindernisse beim Kunde ein, so gelten die gleichen Rechtsfolgen auch f\u00fcr seine Abnahme\u00adverpflichtung. Die Vertragspartner sind verpflichtet, dem anderen Teil Hindernisse der vorbezeichneten Art unver\u00adz\u00fcglich mitzuteilen.<\/p>\n<p>\u00a0<\/p>\n<h3>5. Preisstellung<\/h3>\n<p>Die Preise verstehen sich, soweit nichts anderes ausdr\u00fccklich vereinbart wird, ab La\u00adger\/Werk und schlie\u00dfen Verpackung, Fracht, Porto, sonstige Versandspesen, Versicherun\u00adgen und Zoll nicht ein.<\/p>\n<p>Zu den von uns angegebenen Preisen kommt die Mehrwertsteuer in jeweils gesetzlicher H\u00f6he hinzu.<\/p>\n<p>Bei Rechnungsbe\u00adtr\u00e4gen unter EUR 51,00 behalten wir uns vor, zus\u00e4tzliche Be\u00adarbeitungskosten zu be\u00adrechnen.<\/p>\n<p>Soweit nicht anders vereinbart, werden die am Tage der Lieferung g\u00fcltigen Listenpreise berech\u00adnet. Dies gilt jedoch nur f\u00fcr Lieferfristen von mehr als 4 Monaten und f\u00fcr Preisanpassungen von bis zu 10 %. Bei h\u00f6heren Preisan\u00adpassungen ist eine erneute Preisvereinbarung erforderlich. Mangels einer solchen Vereinbarung steht dem Kunden ein Recht zum R\u00fccktritt vom Vertrag zu. Dieses R\u00fccktrittsrecht entf\u00e4llt, wenn der Kunde es nicht innerhalb einer Frist von zwei Wochen, beginnend mit dem Datum der Mitteilung des neuen Preises, mittels schriftlicher Erkl\u00e4rung uns gegen\u00fcber aus\u00fcbt.<\/p>\n<p>\u00a0<\/p>\n<h3>6. Versand und Gefahren\u00fcbergang<\/h3>\n<p>Der Versand erfolgt ab Lager\/Werk, sofern keine andere Vereinbarung getroffen ist.<\/p>\n<p>Soweit nicht anders vereinbart, geht die Gefahr auf den Kunden \u00fcber, wenn die Ware dem Versandbeauftragten \u00fcbergeben worden ist. Ist die Ware versandbereit und verz\u00f6gert sich die Versendung aus Gr\u00fcnden, die wir nicht zu vertreten haben, so geht die Gefahr auf den Kunden \u00fcber, sobald ihm die Anzeige der Vesandbereitschaft zugeht.<\/p>\n<p>Die Vereinbarung von \u201eLieferung frei Baustelle\u201c bzw. \u201efrei Lager\u201c setzt eine befahrbare Anfuhrstra\u00dfe vor Ort voraus und schlie\u00dft das Abladen der Ware nicht mit ein. Wurde auch das Abladen ausdr\u00fccklich vereinbart, wird direkt am Lieferfahrzeug abgeladen.<\/p>\n<p>\u00a0<\/p>\n<h3>7. Zahlungsbedingungen<\/h3>\n<p>Soweit keine anderslautende Individualvereinbarung getroffen wurde sind alle Rechnungen sofort f\u00e4llig und netto (ohne Abzug) zahlbar sp\u00e4testens 31 Tage nach Rechnungserhalt sind wir berechtigt, Zinsen in H\u00f6he von 8 % \u00fcber dem Basiszinssatz (\u00a7 247 BGB) zu berechnen, ohne dass es dazu einer Mahnung oder Erinnerung bedarf. Ist der Kunde Verbraucher (\u00a7 13 BGB), sind wir berechtigt, ab dem 31. Tag nach Rechnungserhalt Zinsen in H\u00f6he von 5 % \u00fcber dem Basiszinssatz (\u00a7 247 BGB) zu verlangen. Der Nachweis eines h\u00f6heren Schadens bleibt uns vorbehalten. Abweichungen von diesen Zahlungs\u00adbedingungen bed\u00fcrfen ausdr\u00fcckli\u00adcher schriftlicher Ver\u00adeinbarung.<\/p>\n<p>Alle Auftr\u00e4ge werden unter der Voraussetzung der vollen Zahlungsf\u00e4higkeit des Kunden angenommen. Die Nichteinhaltung der Zahlungsbedingungen und\/oder Kenntnis von Umst\u00e4nden, die uns nach dem Vertragsabschluss bekannt werden und die Kreditw\u00fcrdigkeit des Kunden zu mindern geeignet sind, haben die sofortige F\u00e4lligkeit unserer s\u00e4mtlichen Forderungen zur Folge. Ferner sind wir in einem solchen Fall berechtigt, die so\u00adfortige Aush\u00e4ndigung der Vorbehaltsware zu beanspruchen.<\/p>\n<p>Tritt nach Vertragsabschluss eine erhebliche Gef\u00e4hrdung des Anspruchs auf das uns zustehende Entgelt ein, so k\u00f6nnen wir Vorauszahlung oder Sicherheit binnen angemessener Frist fordern und die Leistung bis zur Erf\u00fcllung seines Verlangens verweigern. Bei Verweigerung des Kunden oder fruchtlosem Fristablauf sind wir berechtigt, vom Vertrag zur\u00fcckzutreten oder Schadenersatz wegen Nicht\u00aderf\u00fcllung zu verlangen. Dies entbindet den Kunden nicht von seinen Verpflichtungen aus den von uns bereits erf\u00fcllten Teilen des Vertrages.<\/p>\n<p>Wechsel und Schecks werden nur erf\u00fcllungshalber sowie nur nach Vereinbarung und unter der Voraussetzung ihrer Diskontierbarkeit angenommen. Diskontspesen werden vom Tage der F\u00e4lligkeit des Rechnungsbetrages an berechnet. Eine Gew\u00e4hr f\u00fcr richtige Vorlage des Wechsels und f\u00fcr Erhebung von Wechselprotest wird ausgeschlos\u00adsen. Wechsel und Schecks werden stets unter \u00fcblichem Vorbehalt gutgeschrieben.<\/p>\n<p>Der Kunde kann nur mit rechtskr\u00e4ftig festgestellten oder von uns anerkannten Gegenanspr\u00fcchen aufrechnen. Die Geltendmachung eines Zur\u00fcckbehal\u00adtungs\u00adrechts durch den Kunden ist ausgeschlos\u00adsen.<\/p>\n<p>\u00a0<\/p>\n<h3>8. Eigentumsvorbehalt<\/h3>\n<p>Die von uns gelieferten Waren bleiben unser Eigentum bis zur vollst\u00e4ndigen Erf\u00fcllung unserer Anspr\u00fcche aus dem Vertrag, bei Kunden, die nicht Verbraucher (\u00a7 13 BGB) sind, bis zur Erf\u00fcllung aller unserer Anspr\u00fcche aus der laufenden Gesch\u00e4ftsverbindung. Bei Zahlung auf Wechsel- und Scheckbasis bleibt das Eigentum bis zur Gutschrift bestehen.<\/p>\n<p>Der Vor\u00adbehalt unseres Eigentums umfasst den \u201eeinfachen\u201c, \u201everl\u00e4ngerten\u201c und \u201eerweiterten\u201c Eigentums\u00advorbehalt.<\/p>\n<p>Eine Ver\u00e4u\u00dferung der Vorbehaltsware ist nur im ord\u00adnungsgem\u00e4\u00dfen Gesch\u00e4ftsverkehr zul\u00e4ssig. Anderweitige Verf\u00fcgungen, insbesondere Verpf\u00e4ndungen und Sicherungs\u00fcbereignungen der Vorbehalts\u00adware sind nicht gestattet. Von bevorstehender und vollzogener Ver\u00adpf\u00e4ndung oder anderer Beeintr\u00e4chtigung unserer Rechte muss uns der Kunde unverz\u00fcglich benachrichtigen.<\/p>\n<p>S\u00e4mtliche dem Kunden hinsichtlich der Vorbehaltsware aus Weiterver\u00e4u\u00dferung oder aus sonstigen Rechtsgr\u00fcnden zustehenden Forderungen tritt der Kunde hiermit im Voraus in voller H\u00f6he an uns ab. Wir erkl\u00e4ren bereits jetzt die Annahme der Abtretung.<\/p>\n<p>Sofern die Ware im Auftrag des Kunden von einem oder mehreren Veredlern ver- bzw. bearbeitet wird, gilt diese Ware im Umfang unserer Forderungen als Vorbehaltsware. Der Kunde ist zur getrennten Lagerung und Kennzeichnung der im Eigentum bzw. Miteigentum befindlichen Vorbehaltsware verpflichtet.<\/p>\n<p>Eine Verarbeitung und\/oder Umbildung der Vorbehalts\u00adware nimmt der Kunde f\u00fcr uns vor, ohne dass uns daraus Verpflichtungen entstehen. Verbindet, vermischt, vermengt oder verarbeitet der Kunde die Vorbehaltsware mit anderen Waren, so steht uns an der daraus hervor\u00adgegangenen neuen Ware Miteigentum im Verh\u00e4ltnis des Rechnungswertes der Vorbehaltsware zu den anderen Waren zu. Die neue Ware gilt insoweit als Vorbehaltsware im Sinne der Bedingungen.<\/p>\n<p>Werden unsere Vorbehalts\u00adwaren mit anderen beweglichen Gegenst\u00e4nden zu einer einheitlichen Sache als Hauptsache verbunden oder untrennbar vermischt, und ist die andere Sache als Hauptsache anzusehen, so gilt als vereinbart, dass der Kunde das anteilige Miteigentum an uns \u00fcbertr\u00e4gt, soweit die Hauptsache dem Kunden geh\u00f6rt. Im Falle von Miteigentum erfasst die Abtretung nur den uns am Miteigentum entsprechenden Forderungsanteil. Die Weiter\u00adver\u00e4u\u00dferung ist nur unter Sicherstellung dieser Abtretung zul\u00e4ssig.<\/p>\n<p>Wird Vorbehaltsware vom Kunden als wesentlicher Bestandteil in das Grundst\u00fcck eines Dritten eingebaut, so tritt der Kunde schon jetzt die gegen den Dritten oder einen anderen entstehenden Forderungen auf Verg\u00fctung in H\u00f6he des Wertes der Vorbehalts\u00adware mit allen Nebenrechten einschlie\u00dflich eines solchen auf Ein\u00adr\u00e4umung einer vorrangigen Sicher\u00adheitshypothek ab; die Abtretung wird bereits jetzt angenommen.<\/p>\n<p>Verwendet der Kunde unsere Vorbe\u00adhaltsware zur Erf\u00fcllung eines Werk- oder Werklieferungs\u00advertrages, so tritt er jetzt schon seine Werklohnforderung in H\u00f6he unser gesicherten Forderungen gegen ihn an uns ab.<\/p>\n<p>Der Kunde ist zur Einziehung der abgetretenen Forderungen im ordnungsgem\u00e4\u00dfen Gesch\u00e4fts\u00adverkehr nur widerruflich erm\u00e4chtigt. Auf unser Verlangen hin hat der Kunde uns alle zur Einziehung der Forderung erforderlichen Ausk\u00fcnfte \u00fcber den Bestand der Vorbe\u00adhaltsware und \u00fcber die an uns abgetretenen Forderungen richtig zu geben und die Unterlagen vollst\u00e4ndig an uns auszuh\u00e4ndigen, sowie seine Abnehmer von der Abtretung in Kenntnis zu setzen. Auch wir d\u00fcrfen jederzeit diese Anzeige vornehmen.<\/p>\n<p>Die Erm\u00e4chtigung des Kunden zur Verf\u00fcgung \u00fcber die Vorbehaltsware sowie zur Verarbeitung, Umbildung, Verbindung, Vermischung und Vermengung, sowie ferner die Erm\u00e4chtigung zur Einziehung der abgetretenen Forderungen erlischt bei Nichteinhaltung der Zahlungs\u00adbedingungen, bei unbe\u00adrechtigten Verf\u00fcgungen, bei Wechsel- und Scheck\u00adprotesten sowie auch dann, wenn gegen den Kunden ein Insolvenzverfahren beantragt ist oder uns eine wesentliche Verschlechterung seiner Verm\u00f6genslage bekannt wird. In diesen F\u00e4llen sind wir berechtigt, die Vorbehaltsware sofort in Besitz zu nehmen, zu diesem Zweck den Betrieb des Kunden zu betreten, zweckdienliche Ausk\u00fcnfte \u00fcber die Vorbehaltsware und eventuelle Forderungen aus ihrer Weiterver\u00e4u\u00dferung zu verlangen sowie Einsicht in seine B\u00fccher zu nehmen, soweit dies zur Sicherung unserer Rechte dient.<\/p>\n<p>Ein R\u00fccktritt vom Vertrag liegt in der R\u00fcck-\/\u00dcbernahme der Vorbehaltsware nur dann vor, wenn wir dies ausdr\u00fccklich erkl\u00e4ren. Ansonsten sind wir berechtigt, die zur\u00fcckgenommenen Ware durch frei\u00adh\u00e4ndigen Verkauf zur Anrechnung auf die offenen Forde\u00adrungen abz\u00fcglich entstehender Kosten bestm\u00f6glich zu verwerten. Bei Zugriffen bzw. Einwirkungen Dritter auf die Vorbehaltsware oder die abgetretenen Forderungen wird der Kunde auf unser Eigentum hinweisen und uns unver\u00adz\u00fcglich in Textform auf eigene Kosten benachrichtigen und uns die f\u00fcr eine Intervention notwendigen Unterlagen \u00fcbermitteln. Die Kosten einer Intervention durch uns tr\u00e4gt der Kunde.<\/p>\n<p>\u00dcbersteigt der Wert der uns einger\u00e4umten Sicherheiten die Deckungsgrenze von 150 % der gesicherten Forderungen samt Zinsen sowie bei uns anfallender Umsatzsteuer, sind wir verpflichtet, nach unserer Wahl das die Deckungsgrenze \u00fcbersteigende Sicherungsgut freigeben.<\/p>\n<p>\u00a0<\/p>\n<h3>9. Gew\u00e4hrleistung und Haftung<\/h3>\n<p>Der Kunde hat die empfangene Ware auf Vollst\u00e4ndigkeit, Transportsch\u00e4den, offensichtliche M\u00e4ngel, Beschaffenheit und deren Eigenschaften zu untersuchen. Die Feststellung von Sachm\u00e4ngeln (\u00a7 434 BGB) m\u00fcssen uns unverz\u00fcglich \u2013 bei erkennbaren M\u00e4ngeln sp\u00e4testens binnen 5 Tagen nach Entgegennahme der Ware, bei verborgenen M\u00e4ngeln unverz\u00fcglich nach Erkennbarkeit \u2013 schriftlich mitgeteilt werden. Die beanstandete Ware ist uns auf Verlangen in dem Zustand, in dem sie sich zum Zeitpunkt der Entdeckung des Mangels befindet, zur Besichtigung anzubieten.<\/p>\n<p>Wir sind nicht zur Gew\u00e4hrleistung verpflichtet, wenn der Kunde einen offensichtlichen Mangel nicht rechtzeitig schriftlich ger\u00fcgt hat. Die Geltendmachung der M\u00e4ngelr\u00fcge ist ausgeschlossen, wenn sich der Zustand der Ware nach Gefahren\u00fcbergang ge\u00e4ndert hat, oder wenn der Kunde die Ware vor Versand abzunehmen oder zu pr\u00fcfen hatte.<\/p>\n<p>F\u00fcr M\u00e4ngel, die durch ungeeignete oder unsachgem\u00e4\u00dfe Verwendung, fehlerhafte Montage bzw. Inbetriebsetzung durch den Kunden oder durch Dritte \u2013 insbesondere bei Versto\u00df gegen unsere Betriebs- und Wartungsanweisungen, nat\u00fcrliche Abn\u00fctzung, fehlerhafte oder nachl\u00e4ssige Behandlung entstehen, wird ebenso wenig Gew\u00e4hr geleistet, wie f\u00fcr Folgen unsach\u00adgem\u00e4\u00dfer und ohne unsere Einwilligung vorgenommener \u00c4nderungen oder Instandsetzungsarbeiten des Kunden oder Dritter.<\/p>\n<p>Soweit ein von uns zu vertretender Mangel an der Ware vorliegt und von dem Kunden rechtzeitig schriftlich ger\u00fcgt wurde, sind wir \u2013 unter Ausschluss der Rechte des Kunden von dem Vertrag zur\u00fcckzutreten oder den Kaufpreis herabzusetzen \u2013 zur Nacherf\u00fcllung verpflichtet, es sei denn, dass wir aufgrund der gesetzlichen Regelung zur Verweigerung der Nacherf\u00fcllung berechtigt sind. Der Kunde hat uns f\u00fcr jeden einzelnen Mangel eine angemessene Frist zur Nacherf\u00fcllung zu gew\u00e4hren.<\/p>\n<p>Die Nacherf\u00fcllung kann nach der Wahl des Kunden durch Beseitigung des Mangels oder Lieferung einer neuen Ware erfolgen. Wir sind berechtigt, die vom Kunden gew\u00e4hlte Art der Nacherf\u00fcllung zu verweigern, wenn sie nur mit unverh\u00e4ltnism\u00e4\u00dfigen Kosten verbunden ist. W\u00e4hrend der Nacherf\u00fcllung sind die Herabsetzung des Kaufpreises oder der R\u00fccktritt vom Vertrag durch den Kunden ausgeschlossen. Eine Nachbesserung gilt mit dem zweiten vergeblichen Versuch als fehlgeschlagen. Ist die Nacherf\u00fcllung fehlgeschlagen oder haben wir die Nacherf\u00fcllung insgesamt verweigert, kann der Kunde nach seiner Wahl Herabsetzung des Kaufpreises (Minderung) verlangen oder den R\u00fccktritt vom Vertrag erkl\u00e4ren.<\/p>\n<p>Weitergehende Anspr\u00fcche, insbesondere Schadensersatzanspr\u00fcche sind \u2013 soweit gesetzlich zul\u00e4ssig \u2013 ausgeschlossen.<\/p>\n<p>Die M\u00e4ngelhaftungsanspr\u00fcche verj\u00e4hren \u2013 ausgenommen bei Verbrauchsg\u00fcterkaufvertr\u00e4gen \u2013 in einem Jahr ab Lieferung der Ware.<\/p>\n<p>F\u00fcr Nachbesserungsarbeiten und Ersatzlieferungen haften wir im gleichen Umfang wie f\u00fcr den urspr\u00fcnglichen Liefergegenstand. Durch Ersatzlieferungen wird die urspr\u00fcngliche Verj\u00e4hrungsfrist nicht verl\u00e4ngert.<\/p>\n<p>Soweit unsere Haftung ausgeschlossen oder beschr\u00e4nkt ist, gilt dies auch f\u00fcr die pers\u00f6nliche Haftung unserer Angestellten, Arbeitnehmer, Mitarbeiter, Vertreter und Erf\u00fcllungsgehilfen.<\/p>\n<p>\u00a0<\/p>\n<h3>10. Warenr\u00fccknahme<\/h3>\n<p>Retouren von mangelfreien Waren werden ohne unsere vorherige Zustimmung nicht gutgeschrieben.<\/p>\n<p>Die R\u00fccknahme von besonders angefertigten, mangelfreien Waren ist ausgeschlossen. Dies gilt auch f\u00fcr mangelfreie Ware, die sich nicht mehr im Originalzustand befindet.<\/p>\n<p>Im Falle gew\u00e4hrter R\u00fccknahme wer\u00adden 15 % des Warenwertes, mindestens jedoch EUR 10,00 als Bearbeitungspauschale berechnet.<\/p>\n<p>\u00a0<\/p>\n<h3>11. Erf\u00fcllungsort, Gerichtsstand und anzuwendendes Recht<\/h3>\n<p>Erf\u00fcllungsort f\u00fcr alle Anspr\u00fcche aus Lieferungsvertr\u00e4gen ist unser Firmensitz. Zust\u00e4ndig f\u00fcr alle Streitigkeiten aus der Gesch\u00e4ftsbeziehung ist das an unserem Firmensitz zust\u00e4ndige Gericht.<\/p>\n<p>Die Beziehungen zwischen den Vertragsparteien regeln sich ausschlie\u00dflich nach dem in der Bundesrepublik Deutschland geltenden Recht. Die Anwendung des einheitlichen Gesetzes \u00fcber den internationalen Kauf beweglicher Sachen sowie des Gesetzes \u00fcber den Abschluss von internationalen Kaufvertr\u00e4gen \u00fcber bewegliche Sachen ist ausgeschlossen.<\/p>\n<p>\u00a0<\/p>\n<h3>12. Schlussbestimmungen<\/h3>\n<p>Wir sind berechtigt, die Anspr\u00fcche aus unserer Gesch\u00e4ftsverbindung abzu\u00adtreten. Der Kunde ist nicht berechtigt, Anspr\u00fcche aus dem Kaufvertrag ohne unsere Einwilligung abzutreten.<\/p>\n<p>Sollte eine Regelung dieser Allgemeinen Gesch\u00e4ftsbedingungen oder einzelne Bestimmungen der vertraglichen Bestimmungen zwischen uns und dem Kunden unwirksam oder undurchf\u00fchrbar sein oder werden, so ber\u00fchrt dies die Wirksamkeit der Allgemeinen Gesch\u00e4ftsbedingungen bzw. der vertraglichen Bestimmungen im \u00dcbrigen nicht. Die Vertragsparteien verpflichten sich vielmehr, in einem derartigen Fall eine wirksame und durchf\u00fchrbare Bestimmung zu setzen, die dem Sinn und Zweck des Vertrages am n\u00e4chsten kommt.<\/p>\n<p>\u00a0<\/p>\n<p>Stand: 01.01.2025<\/p>\n<\/div>\n<\/main><footer>\n<div class=\"grey-bar white\">\n<div class=\"wrapper socials\">\n<div class=\"flex\">\u00a0<\/div>\n<\/div>\n<\/div>\n<\/footer><p><\/p>","protected":false},"excerpt":{"rendered":"<p>Allgemeine Gesch\u00e4ftsbedingungen \u00a0 Allgemeine Gesch\u00e4ftsbedingungen (AGB) der G\u00fcrez GmbH \u00a0 1. Geltungsbereich Die nachstehenden Bedingungen gelten f\u00fcr alle zwischen uns und unseren Kunden abgeschlossenen Vertr\u00e4ge \u00fcber die Lieferung von Waren. Sie gelten auch f\u00fcr alle k\u00fcnftigen Gesch\u00e4ftsbeziehun\u00adgen, auch wenn sie nicht nochmals ausdr\u00fccklich vereinbart werden. \u00dcbernehmen wir auch Einbau und Montage von Baubeschl\u00e4gen oder sonstigen [&hellip;]<\/p>\n","protected":false},"author":1,"featured_media":0,"parent":0,"menu_order":0,"comment_status":"closed","ping_status":"closed","template":"","meta":{"footnotes":""},"class_list":["post-1113","page","type-page","status-publish","hentry"],"aioseo_notices":[],"_links":{"self":[{"href":"http:\/\/compagniadelcolore.de\/index.php?rest_route=\/wp\/v2\/pages\/1113","targetHints":{"allow":["GET"]}}],"collection":[{"href":"http:\/\/compagniadelcolore.de\/index.php?rest_route=\/wp\/v2\/pages"}],"about":[{"href":"http:\/\/compagniadelcolore.de\/index.php?rest_route=\/wp\/v2\/types\/page"}],"author":[{"embeddable":true,"href":"http:\/\/compagniadelcolore.de\/index.php?rest_route=\/wp\/v2\/users\/1"}],"replies":[{"embeddable":true,"href":"http:\/\/compagniadelcolore.de\/index.php?rest_route=%2Fwp%2Fv2%2Fcomments&post=1113"}],"version-history":[{"count":4,"href":"http:\/\/compagniadelcolore.de\/index.php?rest_route=\/wp\/v2\/pages\/1113\/revisions"}],"predecessor-version":[{"id":1489,"href":"http:\/\/compagniadelcolore.de\/index.php?rest_route=\/wp\/v2\/pages\/1113\/revisions\/1489"}],"wp:attachment":[{"href":"http:\/\/compagniadelcolore.de\/index.php?rest_route=%2Fwp%2Fv2%2Fmedia&parent=1113"}],"curies":[{"name":"wp","href":"https:\/\/api.w.org\/{rel}","templated":true}]}}